{"id":237,"date":"2024-11-03T11:03:58","date_gmt":"2024-11-03T11:03:58","guid":{"rendered":"https:\/\/antypress.pl\/?page_id=237"},"modified":"2024-11-03T11:15:37","modified_gmt":"2024-11-03T11:15:37","slug":"maintenance-page","status":"publish","type":"page","link":"https:\/\/antypress.pl\/","title":{"rendered":"\u00a9 Antypress 2024"},"content":{"rendered":"\n<div id=\"wp-block-themeisle-blocks-advanced-columns-0d617423\" class=\"wp-block-themeisle-blocks-advanced-columns alignfull has-1-columns has-desktop-equal-layout has-tablet-equal-layout has-mobile-equal-layout has-vertical-center\"><div class=\"wp-block-themeisle-blocks-advanced-columns-overlay\"><\/div><div class=\"innerblocks-wrap\">\n<div id=\"wp-block-themeisle-blocks-advanced-column-7a21d599\" class=\"wp-block-themeisle-blocks-advanced-column\">\n<div class=\"wp-block-group\"><div class=\"wp-block-group__inner-container is-layout-flow wp-block-group-is-layout-flow\">\n<h1 id=\"wp-block-themeisle-blocks-advanced-heading-84bfa495\" class=\"wp-block-themeisle-blocks-advanced-heading wp-block-themeisle-blocks-advanced-heading-84bfa495 animated fadeIn\"><strong>W\u0142\u0105cz my\u015blenie!<\/strong><\/h1>\n\n\n\n<hr class=\"wp-block-separator has-alpha-channel-opacity\"\/>\n\n\n<div class=\"wp-block-image animated backInDown delay-2s\">\n<figure class=\"aligncenter size-full is-resized\"><img loading=\"lazy\" decoding=\"async\" width=\"747\" height=\"224\" src=\"https:\/\/antypress.pl\/wp-content\/uploads\/2024\/11\/press-3-png.webp\" alt=\"Antypress\" class=\"wp-image-10\" style=\"width:300px\" srcset=\"https:\/\/antypress.pl\/wp-content\/uploads\/2024\/11\/press-3-png.webp 747w, https:\/\/antypress.pl\/wp-content\/uploads\/2024\/11\/press-3-300x90.webp 300w\" sizes=\"auto, (max-width: 747px) 100vw, 747px\" \/><\/figure><\/div>\n\n\n<p class=\"has-text-align-center animated bounceIn delay-4s\">Antypress to g\u0142os wolnych medi\u00f3w. Niezale\u017cne informacje, kt\u00f3re naprawd\u0119 maj\u0105 znaczenie.<\/p>\n\n\n\n<div style=\"height:40px\" aria-hidden=\"true\" class=\"wp-block-spacer\"><\/div>\n\n\n\n<div id=\"wp-block-themeisle-blocks-countdown-f473e0f3\" data-date=\"2025-09-25T13:14:00\" class=\"wp-block-themeisle-blocks-countdown\"><div class=\"otter-countdown__container\"><div class=\"otter-countdown__display\"><div name=\"day\" class=\"otter-countdown__display-area is-main-component\"><div class=\"otter-countdown__value\">0<\/div><div class=\"otter-countdown__label\">Day<\/div><\/div><div name=\"hour\" class=\"otter-countdown__display-area is-main-component\"><div class=\"otter-countdown__value\">0<\/div><div class=\"otter-countdown__label\">Hour<\/div><\/div><div name=\"minute\" class=\"otter-countdown__display-area is-main-component\"><div class=\"otter-countdown__value\">0<\/div><div class=\"otter-countdown__label\">Minute<\/div><\/div><div name=\"second\" class=\"otter-countdown__display-area is-main-component\"><div class=\"otter-countdown__value\">0<\/div><div class=\"otter-countdown__label\">Second<\/div><\/div><\/div><\/div><\/div>\n\n\n\n<div style=\"height:40px\" aria-hidden=\"true\" class=\"wp-block-spacer\"><\/div>\n\n\n\n<p class=\"has-text-align-center has-27-font-size\">Czujesz, \u017ce media g\u0142\u00f3wnego nurtu nie m\u00f3wi\u0105 Ci ca\u0142ej prawdy? Chcesz pozna\u0107 inn\u0105 perspektyw\u0119 na wydarzenia?<br>Antypress ju\u017c wkr\u00f3tce otworzy swoje wirtualne drzwi. <\/p>\n\n\n\n<p class=\"has-text-align-center has-27-font-size\">Przygotuj si\u0119 na porcj\u0119 rzetelnych, niezale\u017cnych informacji, kt\u00f3re Ci\u0119 zaskocz\u0105.<br>\u015aled\u017a nas, aby by\u0107 na bie\u017c\u0105co!<\/p>\n<\/div><\/div>\n<\/div>\n<\/div><\/div>\n","protected":false},"excerpt":{"rendered":"","protected":false},"author":1,"featured_media":0,"parent":0,"menu_order":0,"comment_status":"closed","ping_status":"closed","template":"templates\/wpmm-page-template.php","meta":{"_themeisle_gutenberg_block_has_review":false,"footnotes":""},"class_list":["post-237","page","type-page","status-publish"],"aioseo_notices":[],"_links":{"self":[{"href":"https:\/\/antypress.pl\/index.php?rest_route=\/wp\/v2\/pages\/237","targetHints":{"allow":["GET"]}}],"collection":[{"href":"https:\/\/antypress.pl\/index.php?rest_route=\/wp\/v2\/pages"}],"about":[{"href":"https:\/\/antypress.pl\/index.php?rest_route=\/wp\/v2\/types\/page"}],"author":[{"embeddable":true,"href":"https:\/\/antypress.pl\/index.php?rest_route=\/wp\/v2\/users\/1"}],"replies":[{"embeddable":true,"href":"https:\/\/antypress.pl\/index.php?rest_route=%2Fwp%2Fv2%2Fcomments&post=237"}],"version-history":[{"count":5,"href":"https:\/\/antypress.pl\/index.php?rest_route=\/wp\/v2\/pages\/237\/revisions"}],"predecessor-version":[{"id":245,"href":"https:\/\/antypress.pl\/index.php?rest_route=\/wp\/v2\/pages\/237\/revisions\/245"}],"wp:attachment":[{"href":"https:\/\/antypress.pl\/index.php?rest_route=%2Fwp%2Fv2%2Fmedia&parent=237"}],"curies":[{"name":"wp","href":"https:\/\/api.w.org\/{rel}","templated":true}]}}